213, 1894663
What are the prime factors of 221315132?
2, 55328783
List the prime factors of 162785448.
2, 3, 7, 46141
What are the prime factors of 1318665941?
31, 73, 18797
List the prime factors of 13965650.
2, 5, 37, 7549
List the prime factors of 71606757.
3, 23868919
What are the prime factors of 200726671?
9161, 21911
List the prime factors of 3596876554.
2, 29, 3041, 20393
What are the prime factors of 44920692?
2, 3, 1247797
List the prime factors of 344631938.
2, 7, 24616567
What are the prime factors of 68797383?
3, 22932461
What are the prime factors of 2065290506?
2, 29, 35608457
What are the prime factors of 103937648?
2, 293, 22171
What are the prime factors of 944496878?
2, 13, 19, 1911937
List the prime factors of 52090189.
1063, 49003
List the prime factors of 74339810.
2, 5, 17, 437293
List the prime factors of 335265824.
2, 103, 101719
What are the prime factors of 4649125004?
2, 61, 19053791
List the prime factors of 843800678.
2, 7, 17, 19, 23, 61
What are the prime factors of 6925446?
2, 3, 11, 89, 131
List the prime factors of 47922978.
2, 3, 19, 163, 2579
List the prime factors of 3968352716.
2, 992088179
What are the prime factors of 477846663?
3, 7, 22754603
List the prime factors of 88184024.
2, 23, 37, 12953
What are the prime factors of 4311824358?
2, 3, 718637393
List the prime factors of 27417483.
3, 53, 229, 251
What are the prime factors of 102417622?
2, 17, 3012283
What are the prime factors of 207907070?
2, 5, 7, 37, 80273
List the prime factors of 44551042.
2, 22275521
What are the prime factors of 26577782?
2, 7, 11, 172583
List the prime factors of 2481073578.
2, 3, 15315269
List the prime factors of 764150438.
2, 8069, 47351
What are the prime factors of 50935126?
2, 11, 2315233
What are the prime factors of 103302150?
2, 3, 5, 7, 37, 2659
List the prime factors of 106531357.
331, 321847
List the prime factors of 148637010.
2, 3, 5, 571, 8677
List the prime factors of 7165306599.
3, 11, 127, 1709689
List the prime factors of 5292094486.
2, 7, 378006749
What are the prime factors of 523365197?
1801, 290597
List the prime factors of 95685416.
2, 149, 80273
What are the prime factors of 4164400652?
2, 563, 1849201
What are the prime factors of 157409965?
5, 19, 1656947
List the prime factors of 175982859.
3, 13, 521, 2887
List the prime factors of 189004262.
2, 503, 187877
What are the prime factors of 5152339760?
2, 5, 1481, 43487
What are the prime factors of 127539051?
3, 42513017
What are the prime factors of 564991555?
5, 112998311
What are the prime factors of 135056915?
5, 7, 29, 271, 491
List the prime factors of 1050821741.
271, 3877571
List the prime factors of 7418642.
2, 7, 11, 67, 719
What are the prime factors of 1587580200?
2, 3, 5, 103, 8563
What are the prime factors of 126546075?
3, 5, 562427
List the prime factors of 43389317.
229, 189473
List the prime factors of 3351649881.
3, 53, 1129, 18671
What are the prime factors of 2841652821?
3, 7, 107, 1264643
What are the prime factors of 205748719?
11, 2591, 7219
List the prime factors of 2125804698.
2, 3, 3019, 39119
List the prime factors of 9303810611.
9303810611
List the prime factors of 3460519270.
2, 5, 13, 26619379
List the prime factors of 3004045798.
2, 13, 9241, 12503
What are the prime factors of 2794961609?
11, 257, 773, 1279
List the prime factors of 51907732.
2, 17, 763349
What are the prime factors of 148803405?
3, 5, 1753, 5659
What are the prime factors of 3394347147?
3, 125716561
List the prime factors of 124016246.
2, 97, 639259
What are the prime factors of 33195851?
13, 2553527
List the prime factors of 26122524.
2, 3, 2176877
What are the prime factors of 24416041?
13, 23, 37, 2207
List the prime factors of 407248829.
13, 31, 43, 71, 331
List the prime factors of 55909071.
3, 29, 214211
What are the prime factors of 887383636?
2, 221845909
List the prime factors of 539294864.
2, 33705929
What are the prime factors of 304425671?
11, 3407, 8123
What are the prime factors of 35790505?
5, 127, 157, 359
What are the prime factors of 873761982?
2, 3, 145626997
List the prime factors of 6334576.
2, 523, 757
What are the prime factors of 81621367?
59, 191, 7243
List the prime factors of 7244962856.
2, 905620357
List the prime factors of 14616262.
2, 1459, 5009
What are the prime factors of 152194872?
2, 3, 31, 204563
What are the prime factors of 1827569273?
43, 103, 412637
What are the prime factors of 15668615?
5, 241, 13003
List the prime factors of 139089836.
2, 34772459
List the prime factors of 478019809.
478019809
List the prime factors of 86419717.
23, 181, 20759
List the prime factors of 14067648.
2, 3, 7, 1163
List the prime factors of 2513544433.
1871, 1343423
List the prime factors of 305162544.
2, 3, 71, 151, 593
List the prime factors of 184426952.
2, 23053369
What are the prime factors of 65192871?
3, 21730957
List the prime factors of 1515117352.
2, 7, 27055667
What are the prime factors of 164169225?
3, 5, 11, 113, 587
List the prime factors of 318866702.
2, 7, 11, 19, 9907
What are the prime factors of 21835162?
2, 10917581
List the prime factors of 147851206.
2, 8597, 8599
List the prime factors of 15236634.
2, 3, 7, 199, 1823
What are the prime factors of 717282862?
2, 89, 4029679
What are the prime factors of 433274351?
107, 4049293
What are the prime factors of 1078129571?
1078129571
What are the prime factors of 108227027?
1277, 84751
List the prime factors of 10491938.
2, 5245969
List the prime factors of 60673712.
2, 11, 59, 5843
What are the prime factors of 9629553?
3, 577, 5563
List the prime factors of 161166878.
2, 59, 1365821
List the prime factors of 92413635.
3, 5, 31, 353, 563
What are the prime factors of 68347972?
2, 7, 11, 221909
List the prime factors of 755819822.
2, 377909911
What are the prime factors of 66815029?
389, 171761
List the prime factors of 2870424650.
2, 5, 173, 331841
List the prime factors of 2143797220.
2, 5, 359, 298579
What are the prime factors of 12998347?
12998347
What are the prime factors of 234822135?
3, 5, 29, 193, 2797
What are the prime factors of 34304574?
2, 3, 1429, 4001
List the prime factors of 4108306243.
19289, 212987
What are the prime factors of 18093146?
2, 1039, 8707
List the prime factors of 45587925.
3, 5, 202613
What are the prime factors of 100909512?
2, 3, 11, 103, 1237
List the prime factors of 294926618.
2, 7, 21066187
What are the prime factors of 85097556?
2, 3, 1291, 1831
What are the prime factors of 78459824?
2, 149, 32911
What are the prime factors of 67106832?
2, 3, 13, 41, 43, 61
List the prime factors of 54632923.
19, 2875417
List the prime factors of 35293838.
2, 97, 181927
List the prime factors of 860431321.
19, 71, 637829
List the prime factors of 85660625.
5, 23, 59, 101
What are the prime factors of 311443152?
2, 3, 43, 150893
List the prime factors of 2638716895.
5, 527743379
List the prime factors of 951322395.
3, 5, 63421493
What are the prime factors of 928950026?
2, 464475013
What are the prime factors of 32713045?
5, 6542609
List the prime factors of 47238304.
2, 953, 1549
List the prime factors of 199220610.
2, 3, 5, 6640687
List the prime factors of 4014913880.
2, 5, 100372847
List the prime factors of 608418481.
11, 43, 359, 3583
What are the prime factors of 2662087789?
149, 3853, 4637
What are the prime factors of 101686601?
41, 2480161
List the prime factors of 1202910235.
5, 19, 23, 550531
List the prime factors of 212515779.
3, 7, 19, 532621
List the prime factors of 1261376207.
7, 13, 919, 15083
What are the prime factors of 3213362?
2, 1606681
What are the prime factors of 525822425?
5, 21032897
What are the prime factors of 2197141519?
67, 2909, 11273
What are the prime factors of 467147212?
2, 7, 16683829
List the prime factors of 72212276.
2, 173, 241, 433
List the prime factors of 6488035775.
5, 13, 41, 486907
What are the prime factors of 76106452?
2, 19026613
List the prime factors of 694925153.
13, 877, 60953
List the prime factors of 1215447639.
3, 7, 57878459
List the prime factors of 16129383.
3, 5376461
What are the prime factors of 75679643?
13, 5821511
What are the prime factors of 1012464343?
11, 19, 4844327
List the prime factors of 1316834591.
83, 15865477
What are the prime factors of 212968281